divided by a?
3
Suppose 22*q = 24*q - 40. Calculate the remainder when 78 is divided by q.
18
Suppose 53 = 2*h - 27. Suppose -3*s + 20 = -h. What is the remainder when s is divided by 7?
6
Let d(g) = -g + 8. Let x be d(6). Let w be x/8 - (-1)/(-4). Suppose -2*m = -3*j - 37, 4*j = -w*m - m + 13. What is the remainder when m is divided by 6?
5
Suppose 0 = -3*v + 157 + 20. Suppose 5*r = 26 + v. Suppose -102 + 166 = 2*p. Calculate the remainder when p is divided by r.
15
Suppose -3*k + 390 = 2*k. Let g = k + -56. Suppose 2*w + 2*h + 3*h - 113 = 0, -5*h - 335 = -5*w. What is the remainder when w is divided by g?
20
Suppose 2*p = 3*p + 4*i, 8 = -4*i. Let h = 3 + p. Suppose 0*l + h = l. What is the remainder when 41 is divided by l?
8
Let d = -13 - -21. Calculate the remainder when 30 is divided by (d/10)/(1/20).
14
Suppose -1 - 11 = -2*n. Let o = 15 - n. What is the remainder when 26 is divided by o?
8
Let z(v) = -9*v - 13. What is the remainder when z(-9) is divided by 23?
22
Let d(b) = -43*b + 1. Let o be d(-2). Suppose -4*l - 2*i + 82 = 0, -i - o - 10 = -4*l. Let m = l + -11. Calculate the remainder when 22 is divided by m.
10
Let x = -8 + 15. What is the remainder when 19 is divided by x?
5
Let u be (0 + -2)/(4/(-26)). Let h = 20 - u. Suppose -h*l + 2*l = -50. What is the remainder when l is divided by 4?
2
Let k(b) be the second derivative of -b**5/20 - b**4/3 + b**3 - 3*b**2/2 + 4*b. Let o be k(-5). Let j = o - -13. What is the remainder when 14 is divided by j?
4
Let i = -6 - -6. What is the remainder when -10*1/(-2) + i is divided by 2?
1
Suppose x = -3*r + 18, 17 - 1 = x + r. Let q = 1346 + -780. Calculate the remainder when (-2)/(-5) - q/(-10) is divided by x.
12
Let l(g) = 2*g**2 - g**2 + 10 + 9*g + 2*g**2 - 2*g**2. Calculate the remainder when l(-8) is divided by 1.
0
Suppose -5*b + 94 = -h, 2*b - 24 = 5*h + 32. Suppose -a - b = -4*a. Calculate the remainder when 17 is divided by a.
5
Let k = 8 - -17. Let h = k - 6. What is the remainder when h is divided by 4?
3
Let t = 8 - 6. Suppose -t*z + 37 = 11. Calculate the remainder when 37 is divided by z.
11
Let i be (-4)/(-10) + (-309)/(-15). What is the remainder when (-7)/i + (-152)/(-6) is divided by 14?
11
Let a = 29 + 183. Suppose 0 = -6*y + 2*y + a. Calculate the remainder when y is divided by 14.
11
Let o be 1/(-2)*-6 + 0. Suppose -q + 3*q + 3*a = 36, -o*q = 2*a - 44. What is the remainder when 23 is divided by q?
11
Suppose -310 - 187 = -7*z. What is the remainder when z is divided by 36?
35
Let l = 46 + -1. Suppose 5*c + 2*y - 105 = 0, 0*y = y + 5. Calculate the remainder when l is divided by c.
22
Let s = 73 - 34. Calculate the remainder when s is divided by 15.
9
Let w(r) = -r**2 - 19*r + 29. Let o be w(-20). Suppose 0 = -3*v - 0*v + 51. Calculate the remainder when (3/o)/(1/147) is divided by v.
15
Suppose n = -2*k + k + 5, k = -5*n + 17. Suppose -1 = k*c + 5, -3*z = c - 75. Calculate the remainder when z is divided by 14.
12
Calculate the remainder when (-28)/(-2) - (6 - 2) is divided by 6.
4
Calculate the remainder when ((-52)/(-6))/(6/9) is divided by 7.
6
Let g be ((-40)/(-14))/((-4)/(-14)). Suppose -35 = 2*p - 6*p + 5*d, -p + d = -g. What is the remainder when 44 is divided by p?
14
Let q(n) = 2*n - 5. Let v = -21 + 15. Let m = 10 + v. What is the remainder when q(6) is divided by m?
3
Suppose 5*y + 1 = -9. Calculate the remainder when 11 is divided by 1 - -2 - (y - -1).
3
Let o = -14 - -27. Let u(n) = n**3 + 5*n**2 + 4*n - 1. What is the remainder when o is divided by u(-3)?
3
Suppose 0 = -3*s + 4*m + 193, -4*m + 23 = s - 36. Suppose 7 = -2*l + s. Calculate the remainder when l is divided by 10.
8
Let u(w) be the second derivative of -w**5/20 - w**4/4 - w**3/2 + w**2 - 4*w. What is the remainder when u(-3) is divided by 6?
5
Let d(o) = o**3 - 2*o**2 + 11. Calculate the remainder when 20 is divided by d(0).
9
Let g(p) be the third derivative of -77*p**4/24 + p**3/6 + 3*p**2. What is the remainder when g(-1) is divided by 20?
18
Suppose 4*n = n + 153. Suppose -21 = -3*j + n. What is the remainder when j is divided by 14?
10
Suppose 19*m + 62 = 176. Suppose u + f = -4*u + 11, -4*f = 2*u - 8. What is the remainder when m is divided by u?
0
Suppose 0*x + 5*x = 70. Let f(m) = -m**2 + 7*m + 2. Calculate the remainder when x is divided by f(6).
6
Let j = -1 + 5. Let c be 4/6 - 1/(-3). Calculate the remainder when (2/6)/(c/33) is divided by j.
3
Let m = 14 + -8. Calculate the remainder when 33 is divided by m.
3
Suppose -2*c - 3*v + 85 = 0, -5*c + 2*v = -v - 160. Suppose -c = -3*f + 16. What is the remainder when (-40)/6*(-24)/5 is divided by f?
15
Let r(g) = -g**3 - g**2 - g - 2. Let b be r(0). Let i be 0/(3/((-6)/b)). Suppose i = d - 2 - 14. What is the remainder when 47 is divided by d?
15
Suppose -91 = -3*i - i + 5*r, 0 = -5*r - 15. Calculate the remainder when 55/((-1)/(1 - 2)) is divided by i.
17
Suppose 0 = 4*a - 12, -3*j + a - 1 = -4. Suppose -7*i + 5*i = 0. Suppose 5*w = -i + 35. Calculate the remainder when w is divided by j.
1
Suppose -18 = -7*m + 4*m. Calculate the remainder when m is divided by 3.
0
Let y(h) = 2*h**2 - 4*h + 2. Let a be y(3). Let u = 1 - a. Let o = 9 + u. What is the remainder when 4 is divided by o?
0
Suppose -3*c = -4*s - 0*c + 29, 3*c = -3*s + 6. Suppose -5*f + 182 = 67. Calculate the remainder when f is divided by s.
3
Suppose -4*r + 12 = -28. Suppose -2*g = g - 3*c - 15, -5*g - 2*c - r = 0. Suppose g = -3*j - j + 28. Calculate the remainder when j is divided by 3.
1
Let a be (-1)/((-2 + 4)/34). Calculate the remainder when 56 is divided by (-2)/(-1 - a/19).
18
Suppose 4*v + b - 188 = 0, -12 = -v - b + 32. What is the remainder when v is divided by 17?
14
Suppose 16 = 6*b - 2*b. Suppose -5*x = -3*x - 36. Suppose -x = m - b*m. What is the remainder when 16 is divided by m?
4
Let r = 129 - 108. Calculate the remainder when 103 is divided by r.
19
Let n = -2 + 4. Let y = 44 + -70. Let d = n - y. What is the remainder when d is divided by 15?
13
Suppose -3*c + 2*c + 106 = 0. Suppose -5*k + c = 16. Calculate the remainder when k is divided by 10.
8
Let a = -23 + 63. Suppose 4*m = 4*s + a, 8*m - 2*s = 3*m + 35. What is the remainder when 12 is divided by m?
2
Let r = 39 - 65. Let p(b) = -6*b. What is the remainder when p(-4) is divided by r/(-4)*1*2?
11
Suppose 4*s - 26 = 2*p, -3*s - 2*s = -2*p - 35. Calculate the remainder when 25 is divided by s.
7
Let v be (-2*1 - 1)/(-1). Suppose b = v, -k + 3*b = 4*k - 16. Calculate the remainder when -7 - -7 - 14*-1 is divided by k.
4
Let g = 45 - 27. Calculate the remainder when 89 is divided by g.
17
Let f(u) = -3*u**3 + u**2 + 1. Let p(j) = -j**3 - j**2 - j. Let y(m) = -f(m) - p(m). Calculate the remainder when 15 is divided by y(1).
3
Suppose -2*y + 68 = 2*y. Let o be -1*(1 + -2)*y. Let s = 25 - o. Calculate the remainder when 14 is divided by s.
6
Suppose -2*w = -w - 15. What is the remainder when 44 is divided by w?
14
Suppose r = 5*r - 40. Suppose -2*q - 2 = -8. Calculate the remainder when r is divided by q.
1
Suppose -58 = -2*z - 4*a, -3*z + 59 = -2*a - 52. Suppose -2*m + j - 4*j + 36 = 0, 4*m - 5*j - 72 = 0. Calculate the remainder when z is divided by m.
17
Let v = 14 - -25. Suppose 60 = 2*z + z. What is the remainder when v is divided by z?
19
Suppose 2*x = -18 + 136. Calculate the remainder when 235 is divided by x.
58
Let h be ((-12)/10)/(6/(-40)). Calculate the remainder when 19 is divided by (-4)/h*6 + 13.
9
Suppose 20*q = 21*q - 10. Calculate the remainder when q is divided by 6.
4
Suppose -m = -5*m + 32. Suppose 4*q - 80 = 4*o, 5*q = 4*q - o + 16. Suppose q = 2*w - 10. Calculate the remainder when w is divided by m.
6
Suppose 0 = 2*z + 4, -3*u - 2*z + 5*z = -12. Let g be (16/(-6))/((-6)/270). Suppose g = 7*t - u*t. Calculate the remainder when t is divided by 13.
11
Suppose 4*w - 4 - 72 = 0. Calculate the remainder when 71 is divided by w.
14
Suppose 2*b - b - 3 = 0. Suppose 0 = -5*g - 2*d - 130, -97 = b*g + 2*d + 3*d. Let w = 41 + g. What is the remainder when 49 is divided by w?
15
Let p = 47 + -76. Let r = -16 - p. What is the remainder when r is divided by 7?
6
Calculate the remainder when (-12)/(-4) - (-28 + -2) is divided by 17.
16
Suppose 20 = 3*i + 5. What is the remainder when 2 is div